{"id":240,"date":"2016-05-19T16:43:08","date_gmt":"2016-05-19T14:43:08","guid":{"rendered":"http:\/\/2016.cologne.wordcamp.org\/?page_id=240"},"modified":"2016-05-19T16:43:08","modified_gmt":"2016-05-19T14:43:08","slug":"orga-team","status":"publish","type":"page","link":"https:\/\/cologne.wordcamp.org\/2016\/orga-team\/","title":{"rendered":"Orga-Team"},"content":{"rendered":"\t<div class=\"wcorg-organizers\">\n\n\t\t\n\t\t\t<div class=\"wcorg-organizer\">\n\t\t\t\t<h2>Sven Wagener<\/h2>\n\t\t\t\t<div class=\"wcorg-organizer-description\">\n\t\t\t\t\t\t\t\t\t\t<img alt='' src='https:\/\/secure.gravatar.com\/avatar\/d910fdd7595ec843abbd6e3977b31c74c60f2115eb0a4766022b7d137ec21814?s=100&#038;d=mm&#038;r=g' srcset='https:\/\/secure.gravatar.com\/avatar\/d910fdd7595ec843abbd6e3977b31c74c60f2115eb0a4766022b7d137ec21814?s=200&#038;d=mm&#038;r=g 2x' class='avatar avatar-100 photo' height='100' width='100' \/>\t\t\t\t\t<p>Sven ist Gesch\u00e4ftsf\u00fchrer der Rheinschmiede, welche sich mit der Entwicklung von Plugins und der Betreuung von WordPress Webseiten besch\u00e4ftigt. Seit dem Jahr 2008 ist er leidenschaftlicher WordPress-Fan und engagiert sich unter anderem im CMS Garden.<\/p>\n<div class=\"socialbm\"><a href=\"http:\/\/www.rheinschmiede.de\/\"><img data-recalc-dims=\"1\" loading=\"lazy\" decoding=\"async\" class=\"alignnone size-full wp-image-471\" src=\"https:\/\/i0.wp.com\/2016.cologne.wordcamp.org\/files\/2016\/06\/url.png?resize=56%2C56&#038;ssl=1\" alt=\"url\" width=\"56\" height=\"56\" \/><\/a> <a href=\"http:\/\/twitter.com\/svenwagener\/\"><img data-recalc-dims=\"1\" loading=\"lazy\" decoding=\"async\" class=\"alignnone size-full wp-image-299\" src=\"https:\/\/i0.wp.com\/2016.cologne.wordcamp.org\/files\/2016\/06\/twitter.png?resize=56%2C56&#038;ssl=1\" alt=\"twitter\" width=\"56\" height=\"56\" \/><\/a> <a href=\"https:\/\/www.facebook.com\/sven.wagener\/\"><img data-recalc-dims=\"1\" loading=\"lazy\" decoding=\"async\" class=\"alignnone size-full wp-image-291\" src=\"https:\/\/i0.wp.com\/2016.cologne.wordcamp.org\/files\/2016\/06\/facebook.png?resize=56%2C56&#038;ssl=1\" alt=\"facebook\" width=\"56\" height=\"56\" \/><\/a> <a href=\"https:\/\/profiles.wordpress.org\/mahype\"><img data-recalc-dims=\"1\" loading=\"lazy\" decoding=\"async\" class=\"alignnone size-full wp-image-301\" src=\"https:\/\/i0.wp.com\/2016.cologne.wordcamp.org\/files\/2016\/06\/wordpress.png?resize=56%2C56&#038;ssl=1\" alt=\"wordpress\" width=\"56\" height=\"56\" \/><\/a> <a href=\"https:\/\/www.xing.com\/profile\/Sven_Wagener3\"><img data-recalc-dims=\"1\" loading=\"lazy\" decoding=\"async\" class=\"alignnone size-full wp-image-302\" src=\"https:\/\/i0.wp.com\/2016.cologne.wordcamp.org\/files\/2016\/06\/xing.png?resize=56%2C56&#038;ssl=1\" alt=\"xing\" width=\"56\" height=\"56\" \/><\/a><\/div>\n\t\t\t\t<\/div>\n\t\t\t<\/div>\n\n\t\t\n\t\t\t<div class=\"wcorg-organizer\">\n\t\t\t\t<h2>Phillip Roth<\/h2>\n\t\t\t\t<div class=\"wcorg-organizer-description\">\n\t\t\t\t\t\t\t\t\t\t<img alt='' src='https:\/\/secure.gravatar.com\/avatar\/f6762cdfffc01b7b93234d2ea9e5e2585898ad41d97a0f01a6930bf6ac7dd536?s=100&#038;d=mm&#038;r=g' srcset='https:\/\/secure.gravatar.com\/avatar\/f6762cdfffc01b7b93234d2ea9e5e2585898ad41d97a0f01a6930bf6ac7dd536?s=200&#038;d=mm&#038;r=g 2x' class='avatar avatar-100 photo' height='100' width='100' \/>\t\t\t\t\t<p>Phillip ist Webdesigner aus K\u00f6ln. Seit 2011 erstellt er selbst\u00e4ndig alle seine <a href=\"https:\/\/www.philliproth.de\">Webseiten mit WordPress<\/a> und programmiert auch Themes. Ihr findet ihn im Netz unter <a href=\"https:\/\/twitter.com\/prwebcare\">@prwebcare<\/a> und sein\u00a0Fotohobby\u00a0pr\u00e4sentiert er auf <a href=\"https:\/\/www.instagram.com\/philliproth\/\">Instagram<\/a>.<\/p>\n<div class=\"socialbm\"><a href=\"https:\/\/www.philliproth.de\"><img data-recalc-dims=\"1\" loading=\"lazy\" decoding=\"async\" class=\"alignnone size-full wp-image-471\" src=\"https:\/\/i0.wp.com\/2016.cologne.wordcamp.org\/files\/2016\/06\/url.png?resize=56%2C56&#038;ssl=1\" alt=\"url\" width=\"56\" height=\"56\" \/><\/a><a href=\"https:\/\/twitter.com\/prwebcare\"><img data-recalc-dims=\"1\" loading=\"lazy\" decoding=\"async\" class=\"alignnone size-full wp-image-299\" src=\"https:\/\/i0.wp.com\/2016.cologne.wordcamp.org\/files\/2016\/06\/twitter.png?resize=56%2C56&#038;ssl=1\" alt=\"twitter\" width=\"56\" height=\"56\" \/><\/a> <a href=\"http:\/\/profiles.wordpress.org\/philliproth\"><img data-recalc-dims=\"1\" loading=\"lazy\" decoding=\"async\" class=\"alignnone size-full wp-image-301\" src=\"https:\/\/i0.wp.com\/2016.cologne.wordcamp.org\/files\/2016\/06\/wordpress.png?resize=56%2C56&#038;ssl=1\" alt=\"wordpress\" width=\"56\" height=\"56\" \/><\/a><\/div>\n\t\t\t\t<\/div>\n\t\t\t<\/div>\n\n\t\t\n\t\t\t<div class=\"wcorg-organizer\">\n\t\t\t\t<h2>Udo Meisen<\/h2>\n\t\t\t\t<div class=\"wcorg-organizer-description\">\n\t\t\t\t\t\t\t\t\t\t<img alt='' src='https:\/\/secure.gravatar.com\/avatar\/557ff9519cb648e09929cff16fd6ab735943f9372b01f0dc7caa4b744444be49?s=100&#038;d=mm&#038;r=g' srcset='https:\/\/secure.gravatar.com\/avatar\/557ff9519cb648e09929cff16fd6ab735943f9372b01f0dc7caa4b744444be49?s=200&#038;d=mm&#038;r=g 2x' class='avatar avatar-100 photo' height='100' width='100' \/>\t\t\t\t\t<p>Udo arbeitet als Online-Redakteur st\u00e4ndig mit WordPress und hat WordPress in den letzten acht Jahren in den verschiedensten Einsatzszenarios sch\u00e4tzen gelernt.<\/p>\n\t\t\t\t<\/div>\n\t\t\t<\/div>\n\n\t\t\n\t\t\t<div class=\"wcorg-organizer\">\n\t\t\t\t<h2>Felix Arntz<\/h2>\n\t\t\t\t<div class=\"wcorg-organizer-description\">\n\t\t\t\t\t\t\t\t\t\t<img alt='' src='https:\/\/secure.gravatar.com\/avatar\/a60abe9a2c42fe5cf2117b88aac2eab186f0ea3c969f1f4a29d4a09d831153b8?s=100&#038;d=mm&#038;r=g' srcset='https:\/\/secure.gravatar.com\/avatar\/a60abe9a2c42fe5cf2117b88aac2eab186f0ea3c969f1f4a29d4a09d831153b8?s=200&#038;d=mm&#038;r=g 2x' class='avatar avatar-100 photo' height='100' width='100' \/>\t\t\t\t\t<p>Felix ist seit 2012 als Webentwickler\u00a0t\u00e4tig. In der WordPress-Community unterwegs ist er haupts\u00e4chlich als\u00a0Plugin-Entwickler und Core Contributor. Neben der Programmierung besch\u00e4ftigt er sich regelm\u00e4\u00dfig mit Filmen, macht Musik und trinkt gerne Mountain Dew.<\/p>\n<div class=\"socialbm\"><a href=\"http:\/\/leaves-and-love.net\"><img data-recalc-dims=\"1\" loading=\"lazy\" decoding=\"async\" class=\"alignnone size-full wp-image-471\" src=\"https:\/\/i0.wp.com\/2016.cologne.wordcamp.org\/files\/2016\/06\/url.png?resize=56%2C56&#038;ssl=1\" alt=\"url\" width=\"56\" height=\"56\" \/><\/a> <a href=\"http:\/\/twitter.com\/felixarntz\/\"><img data-recalc-dims=\"1\" loading=\"lazy\" decoding=\"async\" class=\"alignnone size-full wp-image-299\" src=\"https:\/\/i0.wp.com\/2016.cologne.wordcamp.org\/files\/2016\/06\/twitter.png?resize=56%2C56&#038;ssl=1\" alt=\"twitter\" width=\"56\" height=\"56\" \/><\/a> <a href=\"https:\/\/profiles.wordpress.org\/flixos90\"><img data-recalc-dims=\"1\" loading=\"lazy\" decoding=\"async\" class=\"alignnone size-full wp-image-301\" src=\"https:\/\/i0.wp.com\/2016.cologne.wordcamp.org\/files\/2016\/06\/wordpress.png?resize=56%2C56&#038;ssl=1\" alt=\"wordpress\" width=\"56\" height=\"56\" \/><\/a> <a href=\"https:\/\/soundcloud.com\/felixarntz\"><img data-recalc-dims=\"1\" loading=\"lazy\" decoding=\"async\" class=\"alignnone size-full wp-image-297\" src=\"https:\/\/i0.wp.com\/2016.cologne.wordcamp.org\/files\/2016\/06\/soundcloud.png?resize=56%2C56&#038;ssl=1\" alt=\"soundcloud\" width=\"56\" height=\"56\" \/><\/a> <a href=\"https:\/\/vimeo.com\/felixarntz\"><img data-recalc-dims=\"1\" loading=\"lazy\" decoding=\"async\" class=\"alignnone size-full wp-image-300\" src=\"https:\/\/i0.wp.com\/2016.cologne.wordcamp.org\/files\/2016\/06\/vimeo.png?resize=56%2C56&#038;ssl=1\" alt=\"vimeo\" width=\"56\" height=\"56\" \/><\/a><\/div>\n\t\t\t\t<\/div>\n\t\t\t<\/div>\n\n\t\t\n\t\t\t<div class=\"wcorg-organizer\">\n\t\t\t\t<h2>Thomas Br\u00fchl<\/h2>\n\t\t\t\t<div class=\"wcorg-organizer-description\">\n\t\t\t\t\t\t\t\t\t\t<img alt='' src='https:\/\/secure.gravatar.com\/avatar\/55f2188ca0c42f9f62b562fbf9747c54f088782ce3af48cf6db567bc53428ac0?s=100&#038;d=mm&#038;r=g' srcset='https:\/\/secure.gravatar.com\/avatar\/55f2188ca0c42f9f62b562fbf9747c54f088782ce3af48cf6db567bc53428ac0?s=200&#038;d=mm&#038;r=g 2x' class='avatar avatar-100 photo' height='100' width='100' \/>\t\t\t\t\t<p><strong style=\"color: #e30613\">Lead Organizer WordCamp Cologne 2016<\/strong><br \/>\nThomas ist hauptberuflich im IT-Bereich einer Versicherung als IT-Security Officer t\u00e4tig. Nebenbei k\u00fcmmert er sich um eine steigende Anzahl WordPress Installationen. Mit WordPress angefangen hat er 2004 mit seinem Blog <a href=\"https:\/\/her.ein.de\/\">her.ein.de<\/a>\u00a0und der WordPress Version 1.2 (Mingus). Er ist einer der Organisatoren des <a href=\"http:\/\/wpcgn.de\/\">WordPress Meetup K\u00f6ln<\/a> und einer der <a href=\"https:\/\/make.wordpress.org\/community\/\">WordCamp Central Deputys<\/a> f\u00fcr Europa.<\/p>\n<div class=\"socialbm\"><a href=\"https:\/\/her.ein.de\/\"><img data-recalc-dims=\"1\" loading=\"lazy\" decoding=\"async\" class=\"alignnone size-full wp-image-471\" src=\"https:\/\/i0.wp.com\/2016.cologne.wordcamp.org\/files\/2016\/06\/url.png?resize=56%2C56&#038;ssl=1\" alt=\"url\" width=\"56\" height=\"56\" \/><\/a> <a href=\"mailto:thomas@bruehl.org\"><img data-recalc-dims=\"1\" loading=\"lazy\" decoding=\"async\" class=\"alignnone size-full wp-image-294\" src=\"https:\/\/i0.wp.com\/2016.cologne.wordcamp.org\/files\/2016\/06\/mail.png?resize=56%2C56&#038;ssl=1\" alt=\"mail\" width=\"56\" height=\"56\" \/><\/a> <a href=\"https:\/\/profiles.wordpress.org\/00sleepy\"><img data-recalc-dims=\"1\" loading=\"lazy\" decoding=\"async\" class=\"alignnone size-full wp-image-301\" src=\"https:\/\/i0.wp.com\/2016.cologne.wordcamp.org\/files\/2016\/06\/wordpress.png?resize=56%2C56&#038;ssl=1\" alt=\"wordpress\" width=\"56\" height=\"56\" \/><\/a> <a href=\"https:\/\/twitter.com\/00sleepy\"><img data-recalc-dims=\"1\" loading=\"lazy\" decoding=\"async\" class=\"alignnone size-full wp-image-299\" src=\"https:\/\/i0.wp.com\/2016.cologne.wordcamp.org\/files\/2016\/06\/twitter.png?resize=56%2C56&#038;ssl=1\" alt=\"twitter\" width=\"56\" height=\"56\" \/><\/a> <a href=\"https:\/\/plus.google.com\/+ThomasBr%C3%BChl\"><img data-recalc-dims=\"1\" loading=\"lazy\" decoding=\"async\" class=\"alignnone size-full wp-image-470\" src=\"https:\/\/i0.wp.com\/2016.cologne.wordcamp.org\/files\/2016\/06\/googleplus.png?resize=56%2C56&#038;ssl=1\" alt=\"googleplus\" width=\"56\" height=\"56\" \/><\/a> <a href=\"https:\/\/www.xing.com\/profile\/Thomas_Bruehl3\/\"><img data-recalc-dims=\"1\" loading=\"lazy\" decoding=\"async\" class=\"alignnone size-full wp-image-302\" src=\"https:\/\/i0.wp.com\/2016.cologne.wordcamp.org\/files\/2016\/06\/xing.png?resize=56%2C56&#038;ssl=1\" alt=\"xing\" width=\"56\" height=\"56\" \/><\/a> <a href=\"https:\/\/www.flickr.com\/photos\/00Sleepy\"><img data-recalc-dims=\"1\" loading=\"lazy\" decoding=\"async\" class=\"alignnone size-full wp-image-292\" src=\"https:\/\/i0.wp.com\/2016.cologne.wordcamp.org\/files\/2016\/06\/flickr.png?resize=56%2C56&#038;ssl=1\" alt=\"flickr\" width=\"56\" height=\"56\" \/><\/a> <a href=\"https:\/\/her.ein.de\/feed\/\"><img data-recalc-dims=\"1\" loading=\"lazy\" decoding=\"async\" class=\"alignnone size-full wp-image-295\" src=\"https:\/\/i0.wp.com\/2016.cologne.wordcamp.org\/files\/2016\/06\/rss.png?resize=56%2C56&#038;ssl=1\" alt=\"rss\" width=\"56\" height=\"56\" \/><\/a> <a href=\"https:\/\/soundcloud.com\/00sleepy\"><img data-recalc-dims=\"1\" loading=\"lazy\" decoding=\"async\" class=\"alignnone size-full wp-image-297\" src=\"https:\/\/i0.wp.com\/2016.cologne.wordcamp.org\/files\/2016\/06\/soundcloud.png?resize=56%2C56&#038;ssl=1\" alt=\"soundcloud\" width=\"56\" height=\"56\" \/><\/a> <a href=\"https:\/\/www.youtube.com\/user\/00Sleepy\"><img data-recalc-dims=\"1\" loading=\"lazy\" decoding=\"async\" class=\"alignnone size-full wp-image-303\" src=\"https:\/\/i0.wp.com\/2016.cologne.wordcamp.org\/files\/2016\/06\/youtube.png?resize=56%2C56&#038;ssl=1\" alt=\"youtube\" width=\"56\" height=\"56\" \/><\/a> <a href=\"https:\/\/vimeo.com\/00sleepy\"><img data-recalc-dims=\"1\" loading=\"lazy\" decoding=\"async\" class=\"alignnone size-full wp-image-300\" src=\"https:\/\/i0.wp.com\/2016.cologne.wordcamp.org\/files\/2016\/06\/vimeo.png?resize=56%2C56&#038;ssl=1\" alt=\"vimeo\" width=\"56\" height=\"56\" \/><\/a><\/div>\n\t\t\t\t<\/div>\n\t\t\t<\/div>\n\n\t\t\n\t\t\t<div class=\"wcorg-organizer\">\n\t\t\t\t<h2>Marc Nilius<\/h2>\n\t\t\t\t<div class=\"wcorg-organizer-description\">\n\t\t\t\t\t\t\t\t\t\t<img alt='' src='https:\/\/secure.gravatar.com\/avatar\/10bfe8375959897dc480fb17e684e35a73f73870eb4e7f9b67ebb5b5ef29cab8?s=100&#038;d=mm&#038;r=g' srcset='https:\/\/secure.gravatar.com\/avatar\/10bfe8375959897dc480fb17e684e35a73f73870eb4e7f9b67ebb5b5ef29cab8?s=200&#038;d=mm&#038;r=g 2x' class='avatar avatar-100 photo' height='100' width='100' \/>\t\t\t\t\t<p>Marc ist Diplom-Informatiker und seit \u00fcber 15 Jahren Web-Developer. Schon vor 10 Jahren hat er WordPress eingesetzt. Seit 2015\u00a0k\u00fcmmert er sich haupts\u00e4chlich um die Themengebiete <a href=\"https:\/\/www.wp-wartung24.de\" rel=\"nofollow\">Sicherheit und technische Wartung<\/a> und verwaltet mittlerweile \u00fcber 50 Websites f\u00fcr seine Kunden.<\/p>\n<div class=\"socialbm\"><a href=\"https:\/\/www.marcnilius.de\/\"><img data-recalc-dims=\"1\" loading=\"lazy\" decoding=\"async\" class=\"alignnone size-full wp-image-471\" src=\"https:\/\/i0.wp.com\/2016.cologne.wordcamp.org\/files\/2016\/06\/url.png?resize=56%2C56&#038;ssl=1\" alt=\"url\" width=\"56\" height=\"56\" \/><\/a> <a href=\"mailto:mail@marcnilius.de\"><img data-recalc-dims=\"1\" loading=\"lazy\" decoding=\"async\" class=\"alignnone size-full wp-image-294\" src=\"https:\/\/i0.wp.com\/2016.cologne.wordcamp.org\/files\/2016\/06\/mail.png?resize=56%2C56&#038;ssl=1\" alt=\"mail\" width=\"56\" height=\"56\" \/><\/a> <a href=\"https:\/\/profiles.wordpress.org\/zottto\"><img data-recalc-dims=\"1\" loading=\"lazy\" decoding=\"async\" class=\"alignnone size-full wp-image-301\" src=\"https:\/\/i0.wp.com\/2016.cologne.wordcamp.org\/files\/2016\/06\/wordpress.png?resize=56%2C56&#038;ssl=1\" alt=\"wordpress\" width=\"56\" height=\"56\" \/><\/a> <a href=\"https:\/\/twitter.com\/marcnilius\"><img data-recalc-dims=\"1\" loading=\"lazy\" decoding=\"async\" class=\"alignnone size-full wp-image-299\" src=\"https:\/\/i0.wp.com\/2016.cologne.wordcamp.org\/files\/2016\/06\/twitter.png?resize=56%2C56&#038;ssl=1\" alt=\"twitter\" width=\"56\" height=\"56\" \/><\/a> <a href=\"https:\/\/www.facebook.com\/marc.nilius.9\/\"><img data-recalc-dims=\"1\" loading=\"lazy\" decoding=\"async\" class=\"alignnone size-full wp-image-291\" src=\"https:\/\/i0.wp.com\/2016.cologne.wordcamp.org\/files\/2016\/06\/facebook.png?resize=56%2C56&#038;ssl=1\" alt=\"facebook\" width=\"56\" height=\"56\" \/><\/a> <a href=\"https:\/\/plus.google.com\/+MarcNilius\"><img data-recalc-dims=\"1\" loading=\"lazy\" decoding=\"async\" class=\"alignnone size-full wp-image-470\" src=\"https:\/\/i0.wp.com\/2016.cologne.wordcamp.org\/files\/2016\/06\/googleplus.png?resize=56%2C56&#038;ssl=1\" alt=\"googleplus\" width=\"56\" height=\"56\" \/><\/a> <a href=\"https:\/\/www.xing.com\/profile\/Marc_Nilius\/\"><img data-recalc-dims=\"1\" loading=\"lazy\" decoding=\"async\" class=\"alignnone size-full wp-image-302\" src=\"https:\/\/i0.wp.com\/2016.cologne.wordcamp.org\/files\/2016\/06\/xing.png?resize=56%2C56&#038;ssl=1\" alt=\"xing\" width=\"56\" height=\"56\" \/><\/a><\/div>\n\t\t\t\t<\/div>\n\t\t\t<\/div>\n\n\t\t\n\t<\/div><!-- .wcorg-organizers -->\n\t\n","protected":false},"excerpt":{"rendered":"","protected":false},"author":13675020,"featured_media":0,"parent":0,"menu_order":0,"comment_status":"closed","ping_status":"closed","template":"","meta":{"jetpack_post_was_ever_published":false,"footnotes":""},"class_list":["post-240","page","type-page","status-publish","hentry"],"jetpack_sharing_enabled":true,"jetpack_shortlink":"https:\/\/wp.me\/P7xnZh-3S","_links":{"self":[{"href":"https:\/\/cologne.wordcamp.org\/2016\/wp-json\/wp\/v2\/pages\/240","targetHints":{"allow":["GET"]}}],"collection":[{"href":"https:\/\/cologne.wordcamp.org\/2016\/wp-json\/wp\/v2\/pages"}],"about":[{"href":"https:\/\/cologne.wordcamp.org\/2016\/wp-json\/wp\/v2\/types\/page"}],"author":[{"embeddable":true,"href":"https:\/\/cologne.wordcamp.org\/2016\/wp-json\/wp\/v2\/users\/13675020"}],"replies":[{"embeddable":true,"href":"https:\/\/cologne.wordcamp.org\/2016\/wp-json\/wp\/v2\/comments?post=240"}],"version-history":[{"count":1,"href":"https:\/\/cologne.wordcamp.org\/2016\/wp-json\/wp\/v2\/pages\/240\/revisions"}],"predecessor-version":[{"id":241,"href":"https:\/\/cologne.wordcamp.org\/2016\/wp-json\/wp\/v2\/pages\/240\/revisions\/241"}],"wp:attachment":[{"href":"https:\/\/cologne.wordcamp.org\/2016\/wp-json\/wp\/v2\/media?parent=240"}],"curies":[{"name":"wp","href":"https:\/\/api.w.org\/{rel}","templated":true}]}}