{"id":569,"date":"2016-07-19T22:37:02","date_gmt":"2016-07-19T20:37:02","guid":{"rendered":"http:\/\/2016.cologne.wordcamp.org\/?page_id=569"},"modified":"2016-11-01T20:23:42","modified_gmt":"2016-11-01T19:23:42","slug":"tickets","status":"publish","type":"page","link":"https:\/\/cologne.wordcamp.org\/2016\/tickets\/","title":{"rendered":"Tickets"},"content":{"rendered":"<p><span style=\"color: #ff0000\">WE ARE SOLD OUT<\/span><\/p>\n<h2><span style=\"color: #ff0000\"><a style=\"color: #ff0000\" href=\"http:\/\/2016.cologne.wordcamp.org\/ticketboerse\/\">TICKETB\u00d6RSE HIER<\/a><\/span><\/h2>\n<p>Alle Tickets enthalten den Zugang zur Veranstaltung inklusive Getr\u00e4nken und Verpflegung sowie das offizielle WordCamp-T-Shirt. Zus\u00e4tzlich ist mit dem Ticket der Zugang zur After-Party m\u00f6glich.<\/p>\n<p>Du m\u00f6chtest das WordCamp K\u00f6ln unterst\u00fctzen ohne eines der gr\u00f6\u00dferen Sponsoring-Pakete zu kaufen? Dann ist das Community-Sponsor-Ticket f\u00fcr dich genau das Richtige! Du wirst als Community-Sponsor auf der Sponsorenseite erw\u00e4hnt. Ansonsten bietet das Ticket alle anderen Leistungen des normalen Tickets.<\/p>\n<p>&nbsp;<\/p>\n<a href=\"https:\/\/cologne.wordcamp.org\/2016\/tickets\/\">Bitte rufe diese Seite in einem Browser auf, um Tickets zu kaufen oder zu verwalten.<\/a>\n","protected":false},"excerpt":{"rendered":"<p>WE ARE SOLD OUT TICKETB\u00d6RSE HIER Alle Tickets enthalten den Zugang zur Veranstaltung inklusive Getr\u00e4nken und Verpflegung sowie das offizielle WordCamp-T-Shirt. Zus\u00e4tzlich ist mit dem Ticket der Zugang zur After-Party m\u00f6glich. Du m\u00f6chtest das WordCamp K\u00f6ln unterst\u00fctzen ohne eines der gr\u00f6\u00dferen Sponsoring-Pakete zu kaufen? Dann ist das Community-Sponsor-Ticket f\u00fcr dich genau das Richtige! Du wirst &hellip; <a href=\"https:\/\/cologne.wordcamp.org\/2016\/tickets\/\" class=\"more-link\"><span class=\"screen-reader-text\">Tickets<\/span> weiterlesen<\/a><\/p>\n","protected":false},"author":13990446,"featured_media":0,"parent":0,"menu_order":0,"comment_status":"closed","ping_status":"closed","template":"","meta":{"jetpack_post_was_ever_published":false,"footnotes":""},"class_list":["post-569","page","type-page","status-publish","hentry"],"jetpack_sharing_enabled":true,"jetpack_shortlink":"https:\/\/wp.me\/P7xnZh-9b","_links":{"self":[{"href":"https:\/\/cologne.wordcamp.org\/2016\/wp-json\/wp\/v2\/pages\/569","targetHints":{"allow":["GET"]}}],"collection":[{"href":"https:\/\/cologne.wordcamp.org\/2016\/wp-json\/wp\/v2\/pages"}],"about":[{"href":"https:\/\/cologne.wordcamp.org\/2016\/wp-json\/wp\/v2\/types\/page"}],"author":[{"embeddable":true,"href":"https:\/\/cologne.wordcamp.org\/2016\/wp-json\/wp\/v2\/users\/13990446"}],"replies":[{"embeddable":true,"href":"https:\/\/cologne.wordcamp.org\/2016\/wp-json\/wp\/v2\/comments?post=569"}],"version-history":[{"count":17,"href":"https:\/\/cologne.wordcamp.org\/2016\/wp-json\/wp\/v2\/pages\/569\/revisions"}],"predecessor-version":[{"id":1071,"href":"https:\/\/cologne.wordcamp.org\/2016\/wp-json\/wp\/v2\/pages\/569\/revisions\/1071"}],"wp:attachment":[{"href":"https:\/\/cologne.wordcamp.org\/2016\/wp-json\/wp\/v2\/media?parent=569"}],"curies":[{"name":"wp","href":"https:\/\/api.w.org\/{rel}","templated":true}]}}