{"id":357,"date":"2017-07-29T13:26:11","date_gmt":"2017-07-29T13:26:11","guid":{"rendered":"https:\/\/2017.cologne.wordcamp.org\/?page_id=357"},"modified":"2017-11-16T01:28:49","modified_gmt":"2017-11-16T00:28:49","slug":"contributor-day-location","status":"publish","type":"page","link":"https:\/\/cologne.wordcamp.org\/2017\/contributor-day-location\/","title":{"rendered":"Contributor Day Location"},"content":{"rendered":"<p>Der Contributor Day findet statt am <strong>Freitag, 17. November 2017<\/strong> in der K\u00f6lner Niederlassung von\u00a0<a href=\"https:\/\/enterprise.microsoft.com\/de-de\/veranstaltungsort\/microsoft-deutschland-gmbh-geschaeftsstelle-koeln\/\">Microsoft<\/a>, <strong>Holzmarkt 2a<\/strong>, 50676 K\u00f6ln in der 4.Etage.<\/p>\n<p>Ab 9:00 Uhr startet die Registrierung der Teilnehmer, um 9:30 Uhr starten wir dann mit dem Contributor Day.<\/p>\n<p>Die K\u00f6lner Microsoft-Niederlassung befindet sich im <a href=\"http:\/\/www.rheinauhafen-koeln.de\/174\">K\u00f6lner Rheinauhafen<\/a> und ist sowohl <a href=\"#bahn\">mit \u00f6ffentlichen Verkehrsmitteln<\/a> als auch <a href=\"#auto\">mit dem Auto<\/a> zu erreichen.<\/p>\n<p><img loading=\"lazy\" decoding=\"async\" class=\"alignnone size-full wp-image-441\" src=\"https:\/\/2017.cologne.wordcamp.org\/files\/2017\/07\/WordcampCologneMicrosoft2.jpg\" alt=\"\" width=\"800\" height=\"600\" srcset=\"https:\/\/cologne.wordcamp.org\/2017\/files\/2017\/07\/WordcampCologneMicrosoft2.jpg 800w, https:\/\/cologne.wordcamp.org\/2017\/files\/2017\/07\/WordcampCologneMicrosoft2-300x225.jpg 300w, https:\/\/cologne.wordcamp.org\/2017\/files\/2017\/07\/WordcampCologneMicrosoft2-768x576.jpg 768w, https:\/\/cologne.wordcamp.org\/2017\/files\/2017\/07\/WordcampCologneMicrosoft2-400x300.jpg 400w\" sizes=\"auto, (max-width: 800px) 100vw, 800px\" \/><\/p>\n<h3>Wenn Ihr mit der Bahn anreist:<\/h3>\n<p>Microsoft erreicht ihr mit der <strong>Stra\u00dfenbahn <\/strong><\/p>\n<ul>\n<li>mit den <strong>Linien 15 oder 16<\/strong> bis zur Haltestelle &#8222;Ubierring&#8220;. Wenn ihr von dort in Richtung Rhein und dann ca. 500 m durch den Rheinauhafen geht, ist Microsoft ca. 7 Gehminuten entfernt.<\/li>\n<li><strong>Linie 3 oder 4<\/strong> bis zur Haltestelle &#8222;<strong>Severinstra\u00dfe<\/strong>&#8222;. Von dort geht ihr \u00fcber die Severinstrasse, Mechtildisstrasse und Bayenwerft ca. 7 Minuten zu Fu\u00df bis ihr bei Microsoft seid.<\/li>\n<li>vom Hauptbahnhof mit der <strong>Linie 5<\/strong> bis zur Haltestelle &#8222;<strong>Heumarkt<\/strong>&#8222;. Von dort geht ihr in ca. 10 Minuten \u00fcber den Heumarkt, Am Leystapel, Gro\u00dfe Witschgasse bis zur Rheinauhalbinsel.<\/li>\n<\/ul>\n<div class=\"googlemaps\">\n\t\t\t\t<iframe loading=\"lazy\" width=\"100\" height=\"350\" frameborder=\"0\" scrolling=\"no\" marginheight=\"0\" marginwidth=\"0\"  src=\"https:\/\/www.google.com\/maps\/embed?pb=!1m18!1m12!1m3!1d2514.7161249500646!2d6.961052272943322!3d50.928968059979056!2m3!1f0!2f0!3f0!3m2!1i1024!2i768!4f13.1!3m3!1m2!1s0x47bf25b4bb4cf92b:0x80c4f5fba887b23b!2sMicrosoft!5e0!3m2!1sde!2sde!4v1501334005808\"><\/iframe>\n\t\t\t<\/div>\n<h3>Wenn Ihr mit dem Auto anreist:<\/h3>\n<p>Euer Auto parkt ihr am besten<\/p>\n<ul>\n<li>in der \u00f6ffentlichen <strong>Tiefgarage <\/strong>des Hotels Art&#8217;Otel. Das Art&#8217;Otel befindet sich direkt neben dem Microsoft-Geb\u00e4ude (Holzmarkt 4; die Einfahrt liegt unter der Severinsbr\u00fccke).<\/li>\n<li>im Parkhaus Rheinauhafen (<span class=\"section-info-text\">Harry-Blum-Platz 2, 50678 K\u00f6ln<\/span>), dort der Beschilderung zur roten Parkzone folgen. Vom Ausgang &#8222;Schokoladenmuseum&#8220; geht ihr \u00fcber die Drehbr\u00fccke am Museum ca. 5 Minuten bis zum Geb\u00e4ude von Microsoft.<\/li>\n<\/ul>\n<p>&nbsp;<\/p>\n<p><img loading=\"lazy\" decoding=\"async\" class=\"alignnone size-full wp-image-442\" src=\"https:\/\/2017.cologne.wordcamp.org\/files\/2017\/07\/WordcampCologneMicrosoft1.jpg\" alt=\"\" width=\"800\" height=\"382\" srcset=\"https:\/\/cologne.wordcamp.org\/2017\/files\/2017\/07\/WordcampCologneMicrosoft1.jpg 800w, https:\/\/cologne.wordcamp.org\/2017\/files\/2017\/07\/WordcampCologneMicrosoft1-300x143.jpg 300w, https:\/\/cologne.wordcamp.org\/2017\/files\/2017\/07\/WordcampCologneMicrosoft1-768x367.jpg 768w, https:\/\/cologne.wordcamp.org\/2017\/files\/2017\/07\/WordcampCologneMicrosoft1-500x239.jpg 500w\" sizes=\"auto, (max-width: 800px) 100vw, 800px\" \/><\/p>\n","protected":false},"excerpt":{"rendered":"<p>Der Contributor Day findet statt am Freitag, 17. November 2017 in der K\u00f6lner Niederlassung von\u00a0Microsoft, Holzmarkt 2a, 50676 K\u00f6ln in der 4.Etage. Ab 9:00 Uhr startet die Registrierung der Teilnehmer, um 9:30 Uhr starten wir dann mit dem Contributor Day. Die K\u00f6lner Microsoft-Niederlassung befindet sich im K\u00f6lner Rheinauhafen und ist sowohl mit \u00f6ffentlichen Verkehrsmitteln als [&hellip;]<\/p>\n","protected":false},"author":14244452,"featured_media":324,"parent":0,"menu_order":0,"comment_status":"closed","ping_status":"closed","template":"","meta":{"jetpack_post_was_ever_published":false,"footnotes":""},"class_list":["post-357","page","type-page","status-publish","has-post-thumbnail","hentry"],"jetpack_sharing_enabled":true,"jetpack_shortlink":"https:\/\/wp.me\/P8LZdE-5L","_links":{"self":[{"href":"https:\/\/cologne.wordcamp.org\/2017\/wp-json\/wp\/v2\/pages\/357","targetHints":{"allow":["GET"]}}],"collection":[{"href":"https:\/\/cologne.wordcamp.org\/2017\/wp-json\/wp\/v2\/pages"}],"about":[{"href":"https:\/\/cologne.wordcamp.org\/2017\/wp-json\/wp\/v2\/types\/page"}],"author":[{"embeddable":true,"href":"https:\/\/cologne.wordcamp.org\/2017\/wp-json\/wp\/v2\/users\/14244452"}],"replies":[{"embeddable":true,"href":"https:\/\/cologne.wordcamp.org\/2017\/wp-json\/wp\/v2\/comments?post=357"}],"version-history":[{"count":12,"href":"https:\/\/cologne.wordcamp.org\/2017\/wp-json\/wp\/v2\/pages\/357\/revisions"}],"predecessor-version":[{"id":1822,"href":"https:\/\/cologne.wordcamp.org\/2017\/wp-json\/wp\/v2\/pages\/357\/revisions\/1822"}],"wp:featuredmedia":[{"embeddable":true,"href":"https:\/\/cologne.wordcamp.org\/2017\/wp-json\/wp\/v2\/media\/324"}],"wp:attachment":[{"href":"https:\/\/cologne.wordcamp.org\/2017\/wp-json\/wp\/v2\/media?parent=357"}],"curies":[{"name":"wp","href":"https:\/\/api.w.org\/{rel}","templated":true}]}}