{"id":151,"date":"2017-06-22T08:25:38","date_gmt":"2017-06-22T08:25:38","guid":{"rendered":"https:\/\/2017.cologne.wordcamp.org\/?page_id=151"},"modified":"2018-08-30T12:12:25","modified_gmt":"2018-08-30T10:12:25","slug":"herzlich-willkommen-beim-wordcamp-cologne-2017","status":"publish","type":"page","link":"https:\/\/cologne.wordcamp.org\/2018\/","title":{"rendered":"Herzlich willkommen"},"content":{"rendered":"<h3>Was in K\u00f6ln dreimal stattfindet hat Tradition!<\/h3>\n<p>Und deshalb gibt es f<span style=\"font-family: -apple-system, BlinkMacSystemFont, 'Segoe UI', Roboto, Oxygen-Sans, Ubuntu, Cantarell, 'Helvetica Neue', sans-serif\">\u00fcr alle WordPress-Interessierten am <\/span><strong style=\"font-family: -apple-system, BlinkMacSystemFont, 'Segoe UI', Roboto, Oxygen-Sans, Ubuntu, Cantarell, 'Helvetica Neue', sans-serif\">20. und 21. Oktober 2018<\/strong><span style=\"font-family: -apple-system, BlinkMacSystemFont, 'Segoe UI', Roboto, Oxygen-Sans, Ubuntu, Cantarell, 'Helvetica Neue', sans-serif\"> in K\u00f6ln wieder ein WordCamp, und auch diesmal wieder als echtes BarCamp.\u00a0Das hei\u00dft, die Sessions werden am Veranstaltungstag vor Ort vorgeschlagen. Die Sessions mit den meisten Interessierten bekommen einen Slot, also Uhrzeit und Raum. So ist sicher gestellt, dass auch wirklich das l\u00e4uft, was Euch interessiert. Wir freuen uns auf Euch! Jeder kann eine Session zu einem interessanten Thema vorschlagen. Das kann ein Vortrag, eine Diskussion oder ein Workshop sein.<\/span><\/p>\n<blockquote><p>Das <strong>WordCamp<\/strong> findet am <strong>Samstag, den 20. Oktober 2018<\/strong> im Campus K\u00f6ln der <a href=\"http:\/\/www.hmkw.de\/hochschule\/standorte\/campus-koeln\/\"><strong>HMKW<\/strong> Hochschule f\u00fcr Medien,Kommunikation und Wirtschaft<\/a> statt.<\/p>\n<p>Am Sonntag, den 21. Oktober 2018 treffen wir uns zum <strong>Contributor Day<\/strong> ebenfalls im Campus K\u00f6ln der <strong>HMKW<\/strong> Hochschule f\u00fcr Medien,Kommunikation und Wirtschaft.<\/p><\/blockquote>\n<p><img loading=\"lazy\" decoding=\"async\" class=\"alignnone size-full wp-image-2586\" src=\"https:\/\/2018.cologne.wordcamp.org\/files\/2018\/08\/2018-08-29_11-53-34_IMG_6288_HMKW.jpg\" alt=\"\" width=\"700\" height=\"394\" srcset=\"https:\/\/cologne.wordcamp.org\/2018\/files\/2018\/08\/2018-08-29_11-53-34_IMG_6288_HMKW.jpg 700w, https:\/\/cologne.wordcamp.org\/2018\/files\/2018\/08\/2018-08-29_11-53-34_IMG_6288_HMKW-300x169.jpg 300w, https:\/\/cologne.wordcamp.org\/2018\/files\/2018\/08\/2018-08-29_11-53-34_IMG_6288_HMKW-500x281.jpg 500w\" sizes=\"auto, (max-width: 700px) 100vw, 700px\" \/><\/p>\n<h3>Was ist WordPress?<\/h3>\n<p><a href=\"http:\/\/de.wordpress.org\">WordPress<\/a> ist eine Web-Software, mit der du moderne Internetpr\u00e4senzen, Websites, Blogs und Online-Shops umsetzen kannst. Es ist freie Software, die du kostenlos nutzen darfst und zu deren Qualit\u00e4t du jederzeit <a href=\"https:\/\/de.wordpress.org\/mitwirken\/\">beitragen<\/a> kannst, wenn du m\u00f6chtest. Mit WordPress werden \u00fcber 31% der Top 10 Millionen Websites laut Alexa und insgesamt \u00fcber 75 Millionen Websites weltweit betrieben und es ist damit das f\u00fchrende Open Source Content-Management-System.<\/p>\n<p><img loading=\"lazy\" decoding=\"async\" class=\"alignnone size-full wp-image-2592\" src=\"https:\/\/2018.cologne.wordcamp.org\/files\/2018\/08\/2017-11-18_13-04-01_DSC00438.jpg\" alt=\"\" width=\"700\" height=\"394\" srcset=\"https:\/\/cologne.wordcamp.org\/2018\/files\/2018\/08\/2017-11-18_13-04-01_DSC00438.jpg 700w, https:\/\/cologne.wordcamp.org\/2018\/files\/2018\/08\/2017-11-18_13-04-01_DSC00438-300x169.jpg 300w, https:\/\/cologne.wordcamp.org\/2018\/files\/2018\/08\/2017-11-18_13-04-01_DSC00438-500x281.jpg 500w\" sizes=\"auto, (max-width: 700px) 100vw, 700px\" \/><\/p>\n<h3>Was ist ein WordCamp?<\/h3>\n<p>Ein WordCamp ist eine Konferenz, die sich auf alle Themen rund um WordPress konzentriert. WordCamps sind informelle Veranstaltungen, die durch WordPress-Community organisiert werden. Jeder vom Einsteiger bis zur Core-Entwicklerin kann teilnehmen, neues lernen, Ideen austauschen und Gleichgesinnte kennenlernen.<\/p>\n<p>In der HMKW Hochschule f\u00fcr Medien, Kommunikation und Wirtschaft veranstalten wir am 20. und 21. Oktober das WordCamp Cologne 2018, zu dem wir uns auf rund 250 Teilnehmende aus dem In- und Ausland freuen. Ganz besonders freuen wir uns auf neue Gesichter aus dem Rheinland, die bislang noch nie an einem WordCamp teilgenommen haben!<\/p>\n<p>Wir haben\u00a0am Tag des WordCamps Platz f\u00fcr 24 Sessions in 4 R\u00e4umen. Eine Session ist 45 Minuten lang, inklusive Fragen und Antworten. Und wie bei einem BarCamp \u00fcblich, seid Ihr nach der Vorstellungsrunde gefragt Eure Sessions anzubieten.\u00a0Wir sind uns aber sicher, dass f\u00fcr alle Teilnehmende interessante Themen dabei sein werden\u00a0\u2013\u00a0vom Frischling bis zum Profi. Es sind sowohl Vortr\u00e4ge, Workshops, Diskussionsrunden, etc. m\u00f6glich. Die Einhaltung der\u00a0WordCamp <a href=\"https:\/\/2018.cologne.wordcamp.org\/herzlich-willkommen\/richtlinien\/\">Richtlinien<\/a> und des <a href=\"https:\/\/2018.cologne.wordcamp.org\/herzlich-willkommen\/verhaltenskodex\/\">Verhaltenskodex<\/a>\u00a0sollte dabei f\u00fcr alle selbstverst\u00e4ndlich sein.<\/p>\n<p><img loading=\"lazy\" decoding=\"async\" class=\"alignnone size-full wp-image-2590\" src=\"https:\/\/2018.cologne.wordcamp.org\/files\/2018\/08\/2017-11-18_10-28-05_DSC00391.jpg\" alt=\"\" width=\"700\" height=\"394\" srcset=\"https:\/\/cologne.wordcamp.org\/2018\/files\/2018\/08\/2017-11-18_10-28-05_DSC00391.jpg 700w, https:\/\/cologne.wordcamp.org\/2018\/files\/2018\/08\/2017-11-18_10-28-05_DSC00391-300x169.jpg 300w, https:\/\/cologne.wordcamp.org\/2018\/files\/2018\/08\/2017-11-18_10-28-05_DSC00391-500x281.jpg 500w\" sizes=\"auto, (max-width: 700px) 100vw, 700px\" \/><\/p>\n<h3>Was ist ein Contributor Day?<\/h3>\n<p>Der Contributor Day ist ein integeraler Bestandteil eines WordCamps, bei dem wir versuchen, in den verschiedensten Bereichen einen Beitrag zum WordPress Open Source Projekt zu leisten.<\/p>\n<p>Dabei kann jeder helfen. Nicht nur durch eine eventuelle Mitarbeit am Core, sondern auch z.B. als Teil des Theme-Review-Teams, bei der \u00dcbersetzung von Plugins und Themes, im Support f\u00fcr WordPress-Nutzer oder in der Organisation der WordPress-Community. F\u00fcr eine Teilnahme am Contributor-Day sind daher keine Programmierkenntnisse n\u00f6tig. Erforderlich ist nur der Wille, sich f\u00fcr das WordPress-Projekt und die WordPress-Community einzusetzen.\u00a0 Und wir sind uns sicher: auch du wirst auf dem Contributor Day eine spannende Aufgabe finden und erleben, wieviel Spa\u00df es machen kann, aktiv an WordPress mitzuwirken und dadurch der Community ein St\u00fcck zur\u00fcck zu geben.<\/p>\n<p><img loading=\"lazy\" decoding=\"async\" class=\"alignnone size-full wp-image-2589\" src=\"https:\/\/2018.cologne.wordcamp.org\/files\/2018\/08\/2017-11-17_10-32-24_DSC00345.jpg\" alt=\"\" width=\"700\" height=\"525\" srcset=\"https:\/\/cologne.wordcamp.org\/2018\/files\/2018\/08\/2017-11-17_10-32-24_DSC00345.jpg 700w, https:\/\/cologne.wordcamp.org\/2018\/files\/2018\/08\/2017-11-17_10-32-24_DSC00345-300x225.jpg 300w, https:\/\/cologne.wordcamp.org\/2018\/files\/2018\/08\/2017-11-17_10-32-24_DSC00345-400x300.jpg 400w\" sizes=\"auto, (max-width: 700px) 100vw, 700px\" \/><\/p>\n<h3>Und sonst so?<\/h3>\n<p>WordCamp hei\u00dft immer auch: Treffen, Wiedersehen und gegenseitiger Austausch.<\/p>\n<p>Damit wir hierzu mehr M\u00f6glichkeiten finden, treffen wir uns am Freitag Abend zu einem WarmUp. Und auch f\u00fcr den Samstagabend haben wir uns etwas \u00fcberlegt.\u00a0 Alle Details dazu ver\u00f6ffentlichen wir auf unserer Website als Blogbeitr\u00e4ge unter <a href=\"https:\/\/2018.cologne.wordcamp.org\/news\/\">Neuigkeiten<\/a>. Du kannst aber auch gerne unseren <a href=\"https:\/\/2018.cologne.wordcamp.org\/newsletter\/\">Newsletter abonnieren<\/a>, damit du nichts verpasst.<\/p>\n<p><img loading=\"lazy\" decoding=\"async\" class=\"alignnone size-full wp-image-315\" src=\"https:\/\/2017.cologne.wordcamp.org\/files\/2017\/06\/WordCampCologneSponsors.jpg\" alt=\"\" width=\"800\" height=\"600\" \/><\/p>\n<h3>Sponsoren und Volunteers<\/h3>\n<p>Ein WordCamp ist ohne externe Unterst\u00fctzung nicht m\u00f6glich. Falls auch du das WordCamp K\u00f6ln als freiwilliger Helfer\u00a0oder gar in Form eines <a href=\"https:\/\/2018.cologne.wordcamp.org\/sponsoring\/\">Sponsoring<\/a>\u00a0unterst\u00fctzen m\u00f6chtest, dann freuen wir uns \u00fcber eine <a href=\"https:\/\/2018.cologne.wordcamp.org\/kontakt-impressum\/\">Nachricht<\/a>\u00a0von dir.<\/p>\n<p><img loading=\"lazy\" decoding=\"async\" class=\"alignnone size-full wp-image-311\" src=\"https:\/\/2017.cologne.wordcamp.org\/files\/2017\/06\/WordCampCologne1.jpg\" alt=\"\" width=\"800\" height=\"600\" \/><\/p>\n<p><strong>Wir sehen uns beim WordCamp Cologne am 20. &#8211; 21. Oktober!<\/strong><\/p>\n<p>Dein\u00a0WordCamp Cologne 2018 <a title=\"Orga-Team\" href=\"https:\/\/2018.cologne.wordcamp.org\/orga-team\/\">Orga-Team<\/a><\/p>\n<p>Folge uns via: <a href=\"https:\/\/twitter.com\/wordcampcgn\">Twitter<\/a> \u2022 <a href=\"https:\/\/www.facebook.com\/WordCampCologne\">FaceBook<\/a> \u2022 <a href=\"https:\/\/plus.google.com\/+WordCampCologne\">Google+<\/a> \u2022 <a title=\"Newsletter\" href=\"https:\/\/2018.cologne.wordcamp.org\/kontakt\/newsletter\/\">Newsletter<\/a><\/p>\n","protected":false},"excerpt":{"rendered":"<p>Was in K\u00f6ln dreimal stattfindet hat Tradition! Und deshalb gibt es f\u00fcr alle WordPress-Interessierten am 20. und 21. Oktober 2018 in K\u00f6ln wieder ein WordCamp, und auch diesmal wieder als echtes BarCamp.\u00a0Das hei\u00dft, die Sessions werden am Veranstaltungstag vor Ort vorgeschlagen. Die Sessions mit den meisten Interessierten bekommen einen Slot, also Uhrzeit und Raum. So [&hellip;]<\/p>\n","protected":false},"author":14244452,"featured_media":324,"parent":0,"menu_order":0,"comment_status":"closed","ping_status":"closed","template":"","meta":{"jetpack_post_was_ever_published":false,"footnotes":""},"class_list":["post-151","page","type-page","status-publish","has-post-thumbnail","hentry"],"jetpack_sharing_enabled":true,"jetpack_shortlink":"https:\/\/wp.me\/Pa9Ali-2r","_links":{"self":[{"href":"https:\/\/cologne.wordcamp.org\/2018\/wp-json\/wp\/v2\/pages\/151","targetHints":{"allow":["GET"]}}],"collection":[{"href":"https:\/\/cologne.wordcamp.org\/2018\/wp-json\/wp\/v2\/pages"}],"about":[{"href":"https:\/\/cologne.wordcamp.org\/2018\/wp-json\/wp\/v2\/types\/page"}],"author":[{"embeddable":true,"href":"https:\/\/cologne.wordcamp.org\/2018\/wp-json\/wp\/v2\/users\/14244452"}],"replies":[{"embeddable":true,"href":"https:\/\/cologne.wordcamp.org\/2018\/wp-json\/wp\/v2\/comments?post=151"}],"version-history":[{"count":8,"href":"https:\/\/cologne.wordcamp.org\/2018\/wp-json\/wp\/v2\/pages\/151\/revisions"}],"predecessor-version":[{"id":2600,"href":"https:\/\/cologne.wordcamp.org\/2018\/wp-json\/wp\/v2\/pages\/151\/revisions\/2600"}],"wp:featuredmedia":[{"embeddable":true,"href":"https:\/\/cologne.wordcamp.org\/2018\/wp-json\/"}],"wp:attachment":[{"href":"https:\/\/cologne.wordcamp.org\/2018\/wp-json\/wp\/v2\/media?parent=151"}],"curies":[{"name":"wp","href":"https:\/\/api.w.org\/{rel}","templated":true}]}}