{"id":2535,"date":"2018-08-21T14:18:58","date_gmt":"2018-08-21T12:18:58","guid":{"rendered":"https:\/\/2018.cologne.wordcamp.org\/?page_id=2535"},"modified":"2018-08-21T14:21:24","modified_gmt":"2018-08-21T12:21:24","slug":"call-for-volunteers","status":"publish","type":"page","link":"https:\/\/cologne.wordcamp.org\/2018\/call-for-volunteers\/","title":{"rendered":"Call for Volunteers"},"content":{"rendered":"<h3>Wir brauchen helfende H\u00e4nde!<\/h3>\n<p>W\u00e4hrend des WordCamps gibt es an etlichen Stellen etwas zu tun, deshalb ben\u00f6tigen wir Deine Hilfe.<br \/>\nWenn auch Du Teil des Events werden m\u00f6chtest und Lust hast, das Orga-Team insbesondere am Samstag tatkr\u00e4ftig zu unterst\u00fctzen, dann melde Dich doch ganz einfach bei uns.<\/p>\n<h3>Wof\u00fcr brauchen wir Dich?<\/h3>\n<p><em><strong>Check-In (morgens)<\/strong><\/em><br \/>\nAm Check-In empf\u00e4ngst Du die Teilnehmer des WordCamp Cologne. Du bearbeitest die Teilnehmer-Liste, versorgst die WordCamper mit ersten Informationen zum Ablauf und zu den R\u00e4umlichkeiten und verteilst die Teilnehmer-Badges.<\/p>\n<p><em><strong>Swag-Station (nachmittags)<\/strong><\/em><br \/>\nAn Deinem Stand \u00fcbergibst Du jedem sein Swag-Material.<\/p>\n<p><em><strong>Video-Volunteering<\/strong><\/em><br \/>\nDie Sessions werden f\u00fcr WordPress.tv aufgezeichnet. Du k\u00fcmmerst Dich um die Aufnahme der Sessions.<br \/>\nAuch f\u00fcr die Unterschrift des AV-Release (Speaker) und das Time-Keeping bist Du verantwortlich. Du hast stets alles im Blick und sorgst f\u00fcr einen reibungslosen Ablauf.<\/p>\n<p>Wir freuen uns sowohl \u00fcber erfahrene Helfer (vor allem im Video-Bereich) als auch \u00fcber Freiwillige, die das erste Mal ein WordCamp besuchen; erfahrungsgem\u00e4\u00df bietet das Volunteering eine wunderbare M\u00f6glichkeit, gleich mit der WordPress Community in Kontakt zu treten und von der ersten Sekunde an mittendrin statt nur dabei zu sein.<\/p>\n<h3>Warum solltest Du helfen?<\/h3>\n<p>WordPress ist ein Open source Projekt. Es steht und f\u00e4llt damit, dass Menschen sich weltweit engagieren und aktiv am Projekt mitarbeiten \u2013 im weitesten Sinn. Das freiwillige Helfen bei WordCamps eine von vielen wunderbaren Gelegenheiten, etwas an WordPress und seine gro\u00dfartige Community zur\u00fcck zu geben.<\/p>\n<p>Unsere freiwilligen Helfer bekommen alle ein gratis Ticket f\u00fcr das WordCamp zur Verf\u00fcgung gestellt.<\/p>\n<p>Falls Du schon ein regul\u00e4res Ticket erworben hast, darfst Du dieses gerne weiter geben oder verkaufen um einer anderen Person dadurch die Teilnahme am WordCamp Cologne zu erm\u00f6glichen.<\/p>\n<p>Au\u00dferdem bekommst Du ein kleines Dankesch\u00f6n-Geschenk und Du darfst Dir unserer unendlichen Dankbarkeit sicher sein. Das Gef\u00fchl, zusammen mit der WordPress Community etwas Gro\u00dfartiges geschaffen zu haben ist am Ende aber die sch\u00f6nste Belohnung \u00fcberhaupt.<\/p>\n<h3>Was brauchen wir von Dir?<\/h3>\n<p>Haben wir Dich motiviert, neugierig gemacht? Dann melde Dich gerne bei uns, indem Du eine kurze Mail schickst.<\/p>\n<p>Wir freuen uns auf Dich!<\/p>\n<h3>In English:<\/h3>\n<p><em>We need some helping hands during WordCamp Cologne\u00a0to form an awesome volunteering team to help make the event run smoothly.<\/em><\/p>\n<p><em>Volunteering at a WordCamp is a fantastic way of giving back to the WordPress community.<\/em><\/p>\n<p><em>You\u2019ll be part of a great organizing team and help shape the success of WordCamp Cologne this year. All our volunteers get a free ticket to the WordCamp.<\/em><br \/>\n<em> If that wasn\u2019t enough, you\u2019ll also get a small thank you gift. Sounds good, right?<\/em><\/p>\n<p><em>We have different roles available this year. You can either apply for a specific role that\u2019s of interest to you, or we can allocate you one:<\/em><\/p>\n<ul>\n<li><em><strong>Registration desk<\/strong>:\u00a0welcoming and registering attendees (morning)<\/em><\/li>\n<li><em><strong>Swag station<\/strong>: giving out our great swag (afternoon)<\/em><\/li>\n<li><em><strong>Video-volunteering<\/strong>: video recordings for WordPress TV,\u00a0timekeeping, speaker wrangling<\/em><\/li>\n<\/ul>\n<p><em>If you are interested in joining our team, please send us a mail.<\/em><\/p>\n<p><em>We are more than happy to have you on board!<\/em><\/p>\n","protected":false},"excerpt":{"rendered":"<p>Wir brauchen helfende H\u00e4nde! W\u00e4hrend des WordCamps gibt es an etlichen Stellen etwas zu tun, deshalb ben\u00f6tigen wir Deine Hilfe. Wenn auch Du Teil des Events werden m\u00f6chtest und Lust hast, das Orga-Team insbesondere am Samstag tatkr\u00e4ftig zu unterst\u00fctzen, dann melde Dich doch ganz einfach bei uns. Wof\u00fcr brauchen wir Dich? Check-In (morgens) Am Check-In [&hellip;]<\/p>\n","protected":false},"author":14244452,"featured_media":0,"parent":0,"menu_order":0,"comment_status":"closed","ping_status":"closed","template":"","meta":{"jetpack_post_was_ever_published":false,"footnotes":""},"class_list":["post-2535","page","type-page","status-publish","hentry"],"jetpack_sharing_enabled":true,"jetpack_shortlink":"https:\/\/wp.me\/Pa9Ali-ET","_links":{"self":[{"href":"https:\/\/cologne.wordcamp.org\/2018\/wp-json\/wp\/v2\/pages\/2535","targetHints":{"allow":["GET"]}}],"collection":[{"href":"https:\/\/cologne.wordcamp.org\/2018\/wp-json\/wp\/v2\/pages"}],"about":[{"href":"https:\/\/cologne.wordcamp.org\/2018\/wp-json\/wp\/v2\/types\/page"}],"author":[{"embeddable":true,"href":"https:\/\/cologne.wordcamp.org\/2018\/wp-json\/wp\/v2\/users\/14244452"}],"replies":[{"embeddable":true,"href":"https:\/\/cologne.wordcamp.org\/2018\/wp-json\/wp\/v2\/comments?post=2535"}],"version-history":[{"count":3,"href":"https:\/\/cologne.wordcamp.org\/2018\/wp-json\/wp\/v2\/pages\/2535\/revisions"}],"predecessor-version":[{"id":2539,"href":"https:\/\/cologne.wordcamp.org\/2018\/wp-json\/wp\/v2\/pages\/2535\/revisions\/2539"}],"wp:attachment":[{"href":"https:\/\/cologne.wordcamp.org\/2018\/wp-json\/wp\/v2\/media?parent=2535"}],"curies":[{"name":"wp","href":"https:\/\/api.w.org\/{rel}","templated":true}]}}